{"id":21,"date":"2018-06-10T21:51:43","date_gmt":"2018-06-10T21:51:43","guid":{"rendered":"http:\/\/www.actionry.fi\/?page_id=21"},"modified":"2026-04-23T18:52:07","modified_gmt":"2026-04-23T15:52:07","slug":"koekalenteri","status":"publish","type":"page","link":"http:\/\/www.actionry.fi\/?page_id=21","title":{"rendered":"Koekalenteri"},"content":{"rendered":"<p><a href=\"http:\/\/virkku.net\">Virkusta\u00a0<\/a>l\u00f6yd\u00e4t avoimet palveluskoirakokeet<\/p>\n<p><a href=\"https:\/\/tapahtumakalenteri.kennelliitto.fi\/Kokeet\">Kennelliiton tapahtumakalenterista<\/a> l\u00f6yd\u00e4t nosework-kokeet<\/p>\n<p>Action ry:n hallituksen p\u00e4\u00e4t\u00f6ksell\u00e4: <br \/>Saadakseen koepaikan j\u00e4senen tulee osallistua talkoisiin pk-kokeissa v\u00e4hint\u00e4\u00e4n kaksi kertaa ja nosework-kokeissa v\u00e4hint\u00e4\u00e4n kerran. \ud83d\udc3e<\/p>\n<p>N\u00e4in varmistetaan kaikkien tasapuolinen mahdollisuus osallistua kokeisiin.<\/p>\n<div>\u00a0<\/div>\n<div><strong>Koekalenteri 2026<\/strong><\/div>\n<div>\u00a0<\/div>\n<div><del>14.02.2026 YEKS1 &#8211; 20 koiraa<\/del><\/div>\n<div><del>15.02.2026 YEKS2 &#8211; 12 koiraa<\/del><br \/><del>07.03.2026 YEKL2 &#8211; 14 koiraa<\/del><br \/><del>07.04.2026 YEKL1 &#8211; 20 koiraa<\/del><br \/>14.05.2026 KEK1 &#8211; 20 koiraa<\/div>\n<div>13.06.2026 YEKS1 &#8211; 20 koiraa<\/div>\n<div>01.07.2026 YEKU1 &#8211; 10 koiraa &#8211; iltakoe<\/div>\n<div>05.08.2026 YEKU1 &#8211; 10 koiraa &#8211; iltakoe<\/div>\n<div>\u00a0<\/div>\n<div>\u00a0<\/div>\n<div>\u00a0<\/div>\n<div>\u00a0<\/div>\n<div>\u00a0<\/div>\n\n\n<hr class=\"wp-block-separator has-alpha-channel-opacity\"\/>\n\n\n\n<figure class=\"wp-block-image size-large\"><a href=\"http:\/\/www.actionry.fi\/wp-content\/uploads\/2024\/06\/tukijat2024b.png\"><img loading=\"lazy\" decoding=\"async\" width=\"1024\" height=\"158\" src=\"http:\/\/www.actionry.fi\/wp-content\/uploads\/2024\/06\/tukijat2024b-1024x158.png\" alt=\"\" class=\"wp-image-742\" srcset=\"http:\/\/www.actionry.fi\/wp-content\/uploads\/2024\/06\/tukijat2024b-1024x158.png 1024w, http:\/\/www.actionry.fi\/wp-content\/uploads\/2024\/06\/tukijat2024b-300x46.png 300w, http:\/\/www.actionry.fi\/wp-content\/uploads\/2024\/06\/tukijat2024b-768x118.png 768w, http:\/\/www.actionry.fi\/wp-content\/uploads\/2024\/06\/tukijat2024b-800x123.png 800w, http:\/\/www.actionry.fi\/wp-content\/uploads\/2024\/06\/tukijat2024b.png 1300w\" sizes=\"(max-width: 1024px) 100vw, 1024px\" \/><\/a><\/figure>\n","protected":false},"excerpt":{"rendered":"<p>Virkusta\u00a0l\u00f6yd\u00e4t avoimet palveluskoirakokeet Kennelliiton tapahtumakalenterista l\u00f6yd\u00e4t nosework-kokeet Action ry:n hallituksen p\u00e4\u00e4t\u00f6ksell\u00e4: Saadakseen koepaikan j\u00e4senen tulee osallistua talkoisiin pk-kokeissa v\u00e4hint\u00e4\u00e4n kaksi kertaa ja nosework-kokeissa v\u00e4hint\u00e4\u00e4n kerran. \ud83d\udc3e N\u00e4in varmistetaan kaikkien tasapuolinen mahdollisuus osallistua kokeisiin. \u00a0 Koekalenteri 2026 \u00a0 14.02.2026 YEKS1 &#8211; 20 koiraa 15.02.2026 YEKS2 &#8211; 12 koiraa07.03.2026 YEKL2 &#8211; 14 koiraa07.04.2026 YEKL1 &#8211; 20 koiraa14.05.2026&hellip;<\/p>\n","protected":false},"author":1,"featured_media":0,"parent":0,"menu_order":0,"comment_status":"closed","ping_status":"closed","template":"","meta":{"footnotes":""},"_links":{"self":[{"href":"http:\/\/www.actionry.fi\/index.php?rest_route=\/wp\/v2\/pages\/21"}],"collection":[{"href":"http:\/\/www.actionry.fi\/index.php?rest_route=\/wp\/v2\/pages"}],"about":[{"href":"http:\/\/www.actionry.fi\/index.php?rest_route=\/wp\/v2\/types\/page"}],"author":[{"embeddable":true,"href":"http:\/\/www.actionry.fi\/index.php?rest_route=\/wp\/v2\/users\/1"}],"replies":[{"embeddable":true,"href":"http:\/\/www.actionry.fi\/index.php?rest_route=%2Fwp%2Fv2%2Fcomments&post=21"}],"version-history":[{"count":107,"href":"http:\/\/www.actionry.fi\/index.php?rest_route=\/wp\/v2\/pages\/21\/revisions"}],"predecessor-version":[{"id":933,"href":"http:\/\/www.actionry.fi\/index.php?rest_route=\/wp\/v2\/pages\/21\/revisions\/933"}],"wp:attachment":[{"href":"http:\/\/www.actionry.fi\/index.php?rest_route=%2Fwp%2Fv2%2Fmedia&parent=21"}],"curies":[{"name":"wp","href":"https:\/\/api.w.org\/{rel}","templated":true}]}}